s the greatest common divisor of 132195 and 5565?
105
Calculate the greatest common factor of 19689430 and 50.
10
Calculate the highest common factor of 41308164 and 54.
54
What is the greatest common factor of 114 and 17737184?
38
What is the greatest common factor of 3652 and 1584?
44
Calculate the greatest common factor of 895041147 and 143.
143
What is the greatest common factor of 132620 and 3040?
380
Calculate the greatest common factor of 15457 and 21112.
377
Calculate the highest common divisor of 289372 and 43508.
292
Calculate the highest common factor of 631752201 and 207.
207
Calculate the highest common divisor of 417706 and 63802.
146
What is the highest common factor of 480 and 20947440?
240
Calculate the greatest common factor of 1691000 and 2163625.
2375
Calculate the greatest common divisor of 31050026 and 106658.
6274
Calculate the highest common factor of 23 and 180017.
1
What is the highest common factor of 48021759 and 9424?
589
What is the highest common factor of 61 and 394183891?
61
Calculate the greatest common divisor of 19430459 and 3.
1
Calculate the highest common divisor of 4860 and 48324.
12
What is the greatest common factor of 258712 and 44822?
146
What is the greatest common factor of 20448718 and 4328?
1082
Calculate the greatest common factor of 42994 and 9231426.
6142
What is the greatest common divisor of 30 and 3686110?
10
What is the greatest common divisor of 2712525 and 60?
15
What is the greatest common divisor of 21486 and 3051?
3
What is the greatest common factor of 12438 and 1045225257?
2073
Calculate the highest common factor of 7100 and 2417980.
20
Calculate the highest common factor of 373270 and 8965.
815
Calculate the greatest common divisor of 4644750190 and 41.
41
What is the highest common factor of 113280 and 42?
6
What is the greatest common divisor of 202335 and 6461805?
4305
Calculate the greatest common divisor of 96152 and 18024965.
707
What is the greatest common divisor of 266338200 and 380?
380
What is the highest common divisor of 25061102 and 66?
22
Calculate the highest common factor of 558 and 56173302.
558
What is the greatest common divisor of 57698 and 6664?
34
Calculate the highest common factor of 892429 and 7874.
127
Calculate the highest common factor of 17008 and 3200.
16
What is the greatest common factor of 28365 and 757485?
465
Calculate the highest common factor of 7944 and 600.
24
What is the greatest common factor of 84598122 and 34166?
3106
Calculate the greatest common factor of 9439861 and 321.
107
What is the highest common factor of 272 and 154136144?
272
Calculate the greatest common factor of 162 and 20291364.
54
What is the greatest common divisor of 4192 and 271144?
8
What is the greatest common divisor of 56053305 and 315?
315
Calculate the greatest common factor of 6786 and 2303470.
754
Calculate the greatest common factor of 22 and 86805906.
22
Calculate the greatest common divisor of 2276 and 181524.
4
Calculate the highest common divisor of 209788 and 399652.
1172
Calculate the greatest common divisor of 54963 and 50499.
279
What is the highest common factor of 127963 and 46288?
11
Calculate the highest common factor of 391288 and 38014624.
6632
Calculate the greatest common factor of 1788 and 135012.
12
What is the greatest common factor of 603778 and 847693?
707
Calculate the greatest common divisor of 23140 and 72360.
20
Calculate the highest common divisor of 573910 and 53070.
290
What is the greatest common divisor of 84 and 91781746?
14
What is the highest common factor of 248949272 and 3432?
1144
What is the greatest common divisor of 3960 and 650606220?
1980
Calculate the highest common factor of 59375016 and 34688.
2168
Calculate the highest common divisor of 1254956419 and 4558.
2279
Calculate the greatest common divisor of 324 and 18375012.
324
Calculate the highest common factor of 9891985 and 30115.
1585
What is the greatest common divisor of 35796710 and 831?
277
Calculate the greatest common factor of 355648 and 337472.
64
What is the highest common factor of 5270 and 275197292?
1054
What is the highest common factor of 304688 and 1807?
139
What is the greatest common factor of 10199416 and 16?
8
What is the greatest common factor of 139 and 4319981?
139
Calculate the highest common factor of 84 and 887656812.
84
What is the highest common divisor of 199592 and 94733?
61
What is the highest common divisor of 781 and 111419?
11
What is the highest common divisor of 39595689 and 27?
27
Calculate the highest common factor of 420 and 5322030.
210
Calculate the highest common divisor of 144136 and 783530.
838
What is the greatest common factor of 92950 and 14863420?
1430
Calculate the greatest common factor of 142523 and 718.
359
What is the highest common factor of 435 and 171459455?
145
Calculate the highest common factor of 12986 and 35263483.
6493
Calculate the greatest common factor of 1323 and 13053474.
189
Calculate the greatest common factor of 2197805 and 40115.
355
Calculate the highest common divisor of 1374 and 26082184.
458
What is the greatest common factor of 533 and 5614663?
41
What is the greatest common factor of 9485 and 108745?
35
What is the greatest common factor of 4 and 40149972?
4
Calculate the greatest common divisor of 47469741 and 561.
33
Calculate the greatest common divisor of 13530 and 645510.
30
What is the greatest common factor of 70365 and 187710?
15
What is the highest common factor of 297 and 515095251?
33
Calculate the highest common divisor of 100 and 62761950.
50
What is the greatest common divisor of 140270363 and 58792?
7349
What is the highest common factor of 28825 and 119744815?
5765
What is the greatest common divisor of 748 and 31361209?
187
What is the highest common factor of 6637 and 9?
1
What is the greatest common divisor of 31160910 and 44?
22
Calculate the highest common divisor of 2209944 and 2.
2
Calculate the greatest common divisor of 4539 and 1667949.
267
Calculate the highest common divisor of 80 and 8838800.
80
Calculate the highest common factor of 6160 and 200368.
112
Calculate the greatest common factor of 12636927 and 701.
701
Calculate the highest common factor of 4810 and 60954244.
962
What is the greatest common divisor of 10960492 and 77140?
2204
Calculate the greatest common divisor of 1208 and 79064506.
302
Calculate the highest common divisor of 9045 and 12032865.
3015
Calculate the greatest common divisor of 42 and 54094642.
14
Calculate the greatest common divisor of 865476 and 580.
116
Calculate the greatest common divisor of 2667786 and 2822.
166
What is the highest common divisor of 1771 and 2519489?
161
What is the greatest common divisor of 46964760 and 180?
60
What is the highest common divisor of 354400 and 265120?
160
What is the highest common divisor of 153010048 and 71424?
3968
Calculate the greatest common divisor of 6450939 and 3366.
1683
Calculate the highest common factor of 10473040 and 902.
82
Calculate the highest common factor of 961562 and 4221.
7
Calculate the greatest common divisor of 3 and 51968020.
1
What is the greatest common factor of 269103 and 83739?
813
What is the highest common factor of 2354718 and 2197998?
3918
Calculate the greatest common factor of 489 and 119641674.
489
Calculate the highest common divisor of 3374 and 486682.
14
Calculate the highest common factor of 48868676 and 884.
68
What is the highest common divisor of 5719 and 5928152?
817
What is the highest common factor of 15 and 184665405?
15
What is the greatest common divisor of 26216075 and 69525?
2575
What is the greatest common factor of 112 and 10530814?
14
Calculate the highest common factor of 238021 and 345247.
259
Calculate the greatest common divisor of 74404 and 14685.
979
What is the greatest common factor of 6626685 and 121939?
1999
Calculate the highest common factor of 19470 and 144672.
66
What is the greatest common divisor of 2576 and 1335012?
644
What is the greatest common divisor of 7732869 and 2?
1
Calculate the greatest common divisor of 97 and 1745354465.
97
Calculate the highest common factor of 7 and 1691809.
7
Calculate the greatest common factor of 1347812 and 18286.
446
Calculate the highest common factor of 47916 and 1551.
33
Calcula